{"id":3677,"date":"2014-02-13T08:44:28","date_gmt":"2014-02-13T08:44:28","guid":{"rendered":"http:\/\/klaasikunst.ee\/?page_id=3677"},"modified":"2024-11-14T14:07:25","modified_gmt":"2024-11-14T12:07:25","slug":"tunnustatud-klaasikunstniku-statuut","status":"publish","type":"page","link":"https:\/\/klaasikunst.ee\/?page_id=3677","title":{"rendered":"Tunnustatud klaasikunstniku statuut"},"content":{"rendered":"<p><b>Aunimetuse &#8220;Tunnustatud klaasikunstnik&#8221; statuut<\/b><br \/>\nVaata ka:\u00a0<a href=\"https:\/\/klaasikunst.ee\/?page_id=6986\">Senised laureaadid&#8230;<\/a><\/p>\n<p>\u201cTunnustatud klaasikunstnik\u201d on Eesti Klaasikunstnike \u00dchenduse poolt v\u00e4lja antav aunimetus klaasikunstnikule \u2013 silmapaistva klaasialase tegevuse eest. Aunimetust antakse v\u00e4lja iga kahe aasta tagant, esimene aunimetus anti v\u00e4lja 2004. aastal (2002.-2003. aasta tegevuse eest), j\u00e4rgmised aastatel 2006, 2008 jne.<\/p>\n<p>Aunimetusega kaasneb r\u00e4ndauhind ja diplom, v\u00f5imalusel ka rahaline preemia.<\/p>\n<p>Eesti Klaasikunstnike \u00dchendus annab aunimetust \u201cTunnustatud klaasikunstnik\u201d v\u00e4lja t\u00e4helepanuavaldusena klaasikunstnike t\u00f6\u00f6le. Samuti on see t\u00f5husaks abiks klaasieriala propageerimisel ja tugevdamisel ning klaasikunstnike t\u00f6\u00f6 tutvustamisel v\u00e4ljaspool eriala kitsast siseringi. Omadused, mida Eesti Klaasikunstnike \u00dchendus peab oluliseks aunimetusega t\u00f6\u00f6de juures esile t\u00f5sta, oleksid \u2013 t\u00f6\u00f6 k\u00f5rge kunstiline kvaliteet, terviklikkus, hingestatus, t\u00e4iuslik teostus, uudsus, t\u00e4htsus nii kohalikus kui ka rahvusvahelises kunstielus.<\/p>\n<p>Aunimetuse nominendid valib v\u00e4lja eelnevalt Eesti Klaasikunstnike \u00dchenduse \u00fcldkoosolekul valitud kolleegium:<\/p>\n<p>&#8211; informatsiooni p\u00f5hjal, mis on kolleegiumi liikmete poolt kogutud viimase kahe aasta jooksul<br \/>\n&#8211; klaasikunstnike poolt oma tegevuse kohta esitatud aastaaruannete p\u00f5hjal<br \/>\nKahe valimisperioodi jooksul ei ole kolleegiumil soovitav valida nominendiks klaasikunstnikku, kes on aunimetuse selle ajavahemiku sees juba p\u00e4lvinud.<\/p>\n<p>Kolleegiumi \u00fclesanneteks on:<\/p>\n<p>&#8211; nominentide valimine<br \/>\n&#8211; Eesti Klaasikunstnike \u00dchenduse v\u00e4lise \u017e\u00fcrii kokkukutsumine<br \/>\n&#8211; aunimetuse \u00fcleandmise organiseerimine<br \/>\n&#8211; rahaliste vahendite leidmine<br \/>\n&#8211; pressi teavitamine aunimetuse v\u00e4ljaandmisest<\/p>\n<p>Kolleegium valitakse peale aunimetuse v\u00e4ljakuulutamist iga kahe aasta tagant uuesti.<\/p>\n<p>Kunstnikud, kes on kolleegiumi poolt nominentideks valitud, peavad esitama oma t\u00f6\u00f6dest \u00fclevaate, milleks v\u00f5ib olla: \u00fcksikt\u00f6\u00f6, t\u00f6\u00f6de seeria, isikun\u00e4itus, osalemine grupin\u00e4itusel, klaasikunstialane teoreetiline t\u00f6\u00f6 (artikkel, uurimus, t\u00f5lge vms.), kureeritud n\u00e4itus vms. Tutvustava materjalina esitada portfolio, kus oleks piisavalt pildimaterjali saamaks t\u00f6\u00f6dest \u00fclevaadet, v\u00f5imalusel lisada ka kirjutatud artiklid, arvustused, publikatsioonid vms., mida kunstnik peab vajalikuks, andmaks \u017e\u00fcriile ammendavat \u00fclevaadet oma loomingust.<\/p>\n<p>Nominentide poolt esitatud materjalide p\u00f5hjal teeb valiku \u017e\u00fcrii, kuhu kuuluvad:<\/p>\n<p>&#8211; Eesti Kunstimuuseumi esindaja(d)<br \/>\n&#8211; Eesti Kunstnike Liidu esindaja(d)<br \/>\n&#8211; kunstiteadlane, -teoreetik<br \/>\n&#8211; Eesti Klaasikunstnike \u00dchenduse poolt enda seast valitud esindaja<\/p>\n<p>\u017d\u00fcrii liikmeid v\u00f5ib minimaalselt olla 3, soovitavalt 5-7.<\/p>\n<p>Aunimetuse \u201cTunnustatud klaasikunstnik\u201d v\u00e4ljakuulutamine ja r\u00e4ndauhinna pidulik \u00fcleandmine toimub Eesti Klaasikunstnike \u00dchenduse aastan\u00e4itusel.<\/p>\n<p><a href=\"http:\/\/klaasikunst.ee\/?cat=10\">Senised laureaadid&#8230;<\/a><\/p>\n","protected":false},"excerpt":{"rendered":"<p>Aunimetuse &#8220;Tunnustatud klaasikunstnik&#8221; statuut Vaata ka:\u00a0Senised laureaadid&#8230; \u201cTunnustatud klaasikunstnik\u201d on Eesti Klaasikunstnike \u00dchenduse poolt v\u00e4lja antav aunimetus klaasikunstnikule \u2013 silmapaistva klaasialase tegevuse eest. Aunimetust antakse v\u00e4lja iga kahe aasta tagant, esimene aunimetus anti v\u00e4lja 2004. aastal (2002.-2003. aasta tegevuse eest), j\u00e4rgmised aastatel 2006, 2008 jne. Aunimetusega kaasneb r\u00e4ndauhind ja diplom, v\u00f5imalusel ka rahaline preemia. Eesti [&hellip;]<\/p>\n","protected":false},"author":1,"featured_media":0,"parent":4,"menu_order":0,"comment_status":"closed","ping_status":"closed","template":"","meta":{"footnotes":""},"class_list":["post-3677","page","type-page","status-publish","hentry"],"aioseo_notices":[],"_links":{"self":[{"href":"https:\/\/klaasikunst.ee\/index.php?rest_route=\/wp\/v2\/pages\/3677","targetHints":{"allow":["GET"]}}],"collection":[{"href":"https:\/\/klaasikunst.ee\/index.php?rest_route=\/wp\/v2\/pages"}],"about":[{"href":"https:\/\/klaasikunst.ee\/index.php?rest_route=\/wp\/v2\/types\/page"}],"author":[{"embeddable":true,"href":"https:\/\/klaasikunst.ee\/index.php?rest_route=\/wp\/v2\/users\/1"}],"replies":[{"embeddable":true,"href":"https:\/\/klaasikunst.ee\/index.php?rest_route=%2Fwp%2Fv2%2Fcomments&post=3677"}],"version-history":[{"count":6,"href":"https:\/\/klaasikunst.ee\/index.php?rest_route=\/wp\/v2\/pages\/3677\/revisions"}],"predecessor-version":[{"id":6988,"href":"https:\/\/klaasikunst.ee\/index.php?rest_route=\/wp\/v2\/pages\/3677\/revisions\/6988"}],"up":[{"embeddable":true,"href":"https:\/\/klaasikunst.ee\/index.php?rest_route=\/wp\/v2\/pages\/4"}],"wp:attachment":[{"href":"https:\/\/klaasikunst.ee\/index.php?rest_route=%2Fwp%2Fv2%2Fmedia&parent=3677"}],"curies":[{"name":"wp","href":"https:\/\/api.w.org\/{rel}","templated":true}]}}