{"id":1196,"date":"2014-02-04T12:53:58","date_gmt":"2013-11-04T18:14:07","guid":{"rendered":"http:\/\/klaasikunst.ee\/?page_id=1196"},"modified":"2023-10-02T13:31:19","modified_gmt":"2023-10-02T11:31:19","slug":"eili-soon","status":"publish","type":"page","link":"https:\/\/klaasikunst.ee\/?page_id=1196","title":{"rendered":"Eili Soon"},"content":{"rendered":"<p><a href=\"http:\/\/klaasikunst.ee\/wp-content\/uploads\/2023\/10\/eilisoon.jpg\"><img loading=\"lazy\" decoding=\"async\" class=\"alignright wp-image-6482 size-medium\" src=\"http:\/\/klaasikunst.ee\/wp-content\/uploads\/2023\/10\/eilisoon-236x300.jpg\" alt=\"\" width=\"236\" height=\"300\" srcset=\"https:\/\/klaasikunst.ee\/wp-content\/uploads\/2023\/10\/eilisoon-236x300.jpg 236w, https:\/\/klaasikunst.ee\/wp-content\/uploads\/2023\/10\/eilisoon-768x975.jpg 768w, https:\/\/klaasikunst.ee\/wp-content\/uploads\/2023\/10\/eilisoon-624x792.jpg 624w, https:\/\/klaasikunst.ee\/wp-content\/uploads\/2023\/10\/eilisoon.jpg 800w\" sizes=\"auto, (max-width: 236px) 100vw, 236px\" \/><\/a>Telefon: +37256668127<br \/>\nE-mail: <a href=\"javascript:secureDecryptAndNavigate('fmAzIpRm26jJDoRDSK7dtuB+WzkIUOwv1IWK10FDH82ZwVpccNDd3Ya3L0hnHaPAgfXPEN1\/q7g3g2CLZXVe4FQQTDwV3JgqQQ==', '3676280a68af271c25ee9598e755fddfbbd9da6cbad6358d6a6319c7119140f6')\">eilisoon [at] gmail [dot] com<\/a><br \/>\nKoduleht: <a href=\"https:\/\/www.eili.eu\" target=\"_blank\" rel=\"noopener\">https:\/\/www.eili.eu<\/a><\/p>\n<p>CURRICULUM VITAE<\/p>\n<p>Eili Soon<br \/>\nS\u00fcndinud 20.04.1983 J\u00f5el\u00e4htme vald<\/p>\n<p>Haridus:<br \/>\n2005-2006 Eesti Kunstiakadeemia, \u00f5petajakoolitus, kunsti- ja kunstiajaloo \u00f5petaja, magister<br \/>\n2001-2005 Eesti Kunstiakadeemia, klaasikunst, bakalaureus<br \/>\n1989-2001 Tallinna \u00dchisg\u00fcmnaasium, kirjandusklass<\/p>\n<p>T\u00f6\u00f6kogemus:<br \/>\nAlates 2010 Olustvere Teenindus- ja Maamajanduskooli klaasikoda, klaasikunstnik<br \/>\n2008 \u2013 2010 O\u00dc Klaasistuudio, klaasipuhuja assistent<br \/>\n2006 \u2013 2008 J\u00e4rvakandi Klaasimuuseum, teadur-pedagoog<br \/>\n2006 \u2013 2007 Eidapere Kool, kunsti\u00f5petaja<br \/>\n2006 m\u00e4rts-mai KUMU, muuseumipedagoogika praktika<\/p>\n\n\t\t<style type=\"text\/css\">\n\t\t\t#gallery-1 {\n\t\t\t\tmargin: auto;\n\t\t\t}\n\t\t\t#gallery-1 .gallery-item {\n\t\t\t\tfloat: left;\n\t\t\t\tmargin-top: 10px;\n\t\t\t\ttext-align: center;\n\t\t\t\twidth: 33%;\n\t\t\t}\n\t\t\t#gallery-1 img {\n\t\t\t\tborder: 2px solid #cfcfcf;\n\t\t\t}\n\t\t\t#gallery-1 .gallery-caption {\n\t\t\t\tmargin-left: 0;\n\t\t\t}\n\t\t\t\/* see gallery_shortcode() in wp-includes\/media.php *\/\n\t\t<\/style>\n\t\t<div id='gallery-1' class='gallery galleryid-1196 gallery-columns-3 gallery-size-thumbnail'><dl class='gallery-item'>\n\t\t\t<dt class='gallery-icon portrait'>\n\t\t\t\t<a href='https:\/\/klaasikunst.ee\/?attachment_id=4038'><img loading=\"lazy\" decoding=\"async\" width=\"150\" height=\"150\" src=\"https:\/\/klaasikunst.ee\/wp-content\/uploads\/2014\/02\/90-60-90-2013-150x150.jpg\" class=\"attachment-thumbnail size-thumbnail\" alt=\"\" aria-describedby=\"gallery-1-4038\" \/><\/a>\n\t\t\t<\/dt>\n\t\t\t\t<dd class='wp-caption-text gallery-caption' id='gallery-1-4038'>\n\t\t\t\t90-60-90, 2013\n\t\t\t\t<\/dd><\/dl><dl class='gallery-item'>\n\t\t\t<dt class='gallery-icon landscape'>\n\t\t\t\t<a href='https:\/\/klaasikunst.ee\/?attachment_id=4037'><img loading=\"lazy\" decoding=\"async\" width=\"150\" height=\"150\" src=\"https:\/\/klaasikunst.ee\/wp-content\/uploads\/2014\/02\/Kahetsus-2012-150x150.jpg\" class=\"attachment-thumbnail size-thumbnail\" alt=\"\" aria-describedby=\"gallery-1-4037\" \/><\/a>\n\t\t\t<\/dt>\n\t\t\t\t<dd class='wp-caption-text gallery-caption' id='gallery-1-4037'>\n\t\t\t\tKahetsus, 2012\n\t\t\t\t<\/dd><\/dl><dl class='gallery-item'>\n\t\t\t<dt class='gallery-icon portrait'>\n\t\t\t\t<a href='https:\/\/klaasikunst.ee\/?attachment_id=4036'><img loading=\"lazy\" decoding=\"async\" width=\"150\" height=\"150\" src=\"https:\/\/klaasikunst.ee\/wp-content\/uploads\/2014\/02\/Lahendus-2013-150x150.jpg\" class=\"attachment-thumbnail size-thumbnail\" alt=\"\" aria-describedby=\"gallery-1-4036\" \/><\/a>\n\t\t\t<\/dt>\n\t\t\t\t<dd class='wp-caption-text gallery-caption' id='gallery-1-4036'>\n\t\t\t\tLahendus, 2013\n\t\t\t\t<\/dd><\/dl><br style=\"clear: both\" \/><dl class='gallery-item'>\n\t\t\t<dt class='gallery-icon landscape'>\n\t\t\t\t<a href='https:\/\/klaasikunst.ee\/?attachment_id=4035'><img loading=\"lazy\" decoding=\"async\" width=\"150\" height=\"150\" src=\"https:\/\/klaasikunst.ee\/wp-content\/uploads\/2014\/02\/N\u00e4rv-2011-150x150.jpg\" class=\"attachment-thumbnail size-thumbnail\" alt=\"\" aria-describedby=\"gallery-1-4035\" \/><\/a>\n\t\t\t<\/dt>\n\t\t\t\t<dd class='wp-caption-text gallery-caption' id='gallery-1-4035'>\n\t\t\t\tN\u00e4rv, 2011\n\t\t\t\t<\/dd><\/dl><dl class='gallery-item'>\n\t\t\t<dt class='gallery-icon portrait'>\n\t\t\t\t<a href='https:\/\/klaasikunst.ee\/?attachment_id=4034'><img loading=\"lazy\" decoding=\"async\" width=\"150\" height=\"150\" src=\"https:\/\/klaasikunst.ee\/wp-content\/uploads\/2014\/02\/Pettekujutlused-2013-150x150.jpg\" class=\"attachment-thumbnail size-thumbnail\" alt=\"\" aria-describedby=\"gallery-1-4034\" \/><\/a>\n\t\t\t<\/dt>\n\t\t\t\t<dd class='wp-caption-text gallery-caption' id='gallery-1-4034'>\n\t\t\t\tPettekujutlused, 2013\n\t\t\t\t<\/dd><\/dl>\n\t\t\t<br style='clear: both' \/>\n\t\t<\/div>\n\n<p>Isikn\u00e4itused:<br \/>\n2013 \u201eOlla\u201c, GaleriiPINK Tallinn<br \/>\n2013 \u201eOmada ja Olla\u201c, Olustvere m\u00f5isa klaasi- ja keraamikakoda, Olustvere<br \/>\n2013 \u201eKummardus talvele\u201c, Olustvere m\u00f5isa klaasi- ja keraamikakoda, Olustvere<br \/>\nGrupin\u00e4itused:<br \/>\n2013 \u201cValgus\u201d, Raplamaa Kaasaegse Kunsti Keskus, Rapla<br \/>\n2012 Eesti Klaasikunstnike \u00dchenduse aastan\u00e4itus \u201cSuur haprus\u201d, Kunstihoone, Tallinn<br \/>\n2012 \u201eKroonl\u00fchter\u201c Raplamaa Kaasaegse Kunsti Keskus, Rapla<br \/>\n2012 \u201eFace Book\u201c HOP Galerii, Tallinn<br \/>\n2011 Eesti Klaasikunstnike \u00dchenduse aastan\u00e4itus \u201dPaar\u201d Kullo galerii, Tallinn<br \/>\n2009 &#8220;L\u00f5hna v\u00f5lu&#8221;, Eesti Rahva Muuseum, Tartu<br \/>\n2009 &#8220;Armulugu iseendaga&#8221;, Viimsi Huvikeskus, Tallinn\u20282008 \u201eKlaasi V\u00e4gi\u201d, Eesti Kaitsev\u00e4e Side- ja Infos\u00fcsteemide V\u00e4lja\u00f5ppe- ja Arenduskeskus, Tallinn<br \/>\n2007 Rahvusvaheline klaasikunsti n\u00e4itus \u201eEuropean glass creations discovery\u201d, MJC Lillebonne Saint-Epvre, France<br \/>\n2006 Rahvusvaheline klaasikunsti \u00fcli\u00f5pilaste n\u00e4itus &#8220;Discovery&#8221;, Kullo Galerii, Tallinn<br \/>\n2006 \u201eEesti t\u00f6\u00f6stuslikust ja unikaalklaasist\u201c, V\u00e4lisministeerium, Tallinn<br \/>\n2005 \u201eOptika: Eve Koha ja \u00f5pilased\u201c, Arhitektuuri- ja disainigalerii, Tallinn<br \/>\n2005 Eesti Kunstiakadeemia l\u00f5put\u00f6\u00f6de n\u00e4itus, Rottermanni Soolaladu, Tallinn<br \/>\n2004 Eesti Klaasikunstnike \u00dchenduse aastan\u00e4itus \u201eFookus\u201c, Hobusepea galerii, Tallinn<br \/>\n2004 \u201e735\u00baC-865\u00baC\u201c, Kullo Galerii, Tallinn<br \/>\n2003 \u201eTalvevalgus\u201c, Meistrite Hoovi galerii, Tallinn<br \/>\n2002 \u201eEesti Disain 2002\u201c, Design Forum Finland, Helsingi<br \/>\n2002 \u201eDISAIN. KLAAS. EKA. LORUP.\u201c, Arhitektuuri- ja disainigalerii, Tallinn<\/p>\n<p>Ettekanded konverentsidel:<br \/>\n2013 H\u00fcti klaasikoda 385. aastap\u00e4evale p\u00fchendatud \u00fcritus H\u00fcti klaasikoja asupaigas. Ettekande teema: \u201c Eesti klaasi ajalugu alates H\u00fcti klaasikojast\u201c<br \/>\n2009 T\u00f5rva Kammersaal. Ettekande teema: \u201cMaks Roosma kui arheoloog\u201d<br \/>\n2009 Tallinna Linnamuuseum. Ettekande teema: \u201cMaks Roosma kui arheoloog\u201d<br \/>\n2009 Eesti Kunstiakadeemia Doktorikooli konverents. Ettekande teema :\u201cEesti klaasitootmine 20. sajandi alguses. Meleski ja Eidapere klaasivabrikute \u00f5ppes\u00fcsteem profesionaalses kunstihariduses ja klaasit\u00f6\u00f6stuses\u201c<br \/>\n2008 H\u00fcti klaasikoda 380. aastap\u00e4evale p\u00fchendatud \u00fcritus H\u00fcti klaasikoja asupaigas. Ettekande teema: \u201cH\u00fcti klaasikoda Hiiumaal 1628-1664\u201c<br \/>\n2008. Rahvusvaheline klaasiajaloo konverents \u201eEesti klaas 380\u201d J\u00e4rvakandi Klaasimuuseumis. Ettekande teema: \u201eTootekujundusest Eesti Klaasit\u00f6\u00f6stuse Osa\u00fchisuse EKO Eidapere klaasivabrikus 1920-ndatel aastatel\u201d<br \/>\n2007 Teaduskonverents J\u00e4rvakandi Klaasimuuseumis. Ettekande teema: \u201eEidapere klaasit\u00f6\u00f6stusest 1812-1930\u201d<br \/>\n2007 Maarjam\u00e4e Loss, Klaasip\u00e4ev Eesti Ajaloomuuseumis. Ettekande teema: \u201eJ\u00e4rvakandi klaasit\u00f6\u00f6stuse ajalugu\u201d<\/p>\n<p>N\u00e4ituste kureerimine (valikuliselt):<br \/>\n2011 Eesti Klaasikunstnike \u00dchenduse aastan\u00e4itus \u201ePAAR\u201c Kullo Lastegalerii, Tallinn<br \/>\n2010 Pilvi Ojamaa 80. juubelin\u00e4itus &#8220;Lendstart&#8221; Hop galerii, Tallinn<br \/>\n2008 Ajalooline \u00fclevaaten\u00e4itus: \u201e380 aastat klaasitootmist Eestis &#8211; H\u00fcti klaasikoda Hiiumaal 1628-1664\u201d Eesti Ajaloomuuseumi ja J\u00e4rvakandi Klaasimuuseumi kogudest. J\u00e4rvakandi Klaasimuuseum, J\u00e4rvakandi<br \/>\n2007 Eesti Kunstiakadeemia Klaasikunsti osakonna \u00fcli\u00f5pilaste ja \u00f5ppej\u00f5udude klaasimaalid, Mark Anguse meistriklass \u201eMaalitud Muinaslood \u201d, J\u00e4rvakandi Klaasimuuseum, J\u00e4rvakandi<br \/>\nKonverentside korraldamine:<br \/>\n2008 Rahvusvaheline klaasiajaloo konverents \u201eEesti klaas 380\u201d, J\u00e4rvakandi Klaasimuuseum, J\u00e4rvakandi<br \/>\n2008 <a href=\"http:\/\/www.artun.ee\/popText.php?id=1049&quot;%20\\o\" target=\"_blank\" rel=\"noopener\">\u00a0Rahvusvaheline konverents \u201eArt and Research:HOW?<\/a>\u00a0Eesti Kunstiakadeemia, Tallinn<br \/>\n2007 Teaduskonverents, J\u00e4rvakandi Klaasimuuseum, J\u00e4rvakandi<br \/>\nPreemiad ja tunnustused:<br \/>\nEesti Kultuurkapitali Aastapreemia 2008<br \/>\nKuulumine liitudesse ja organisatsioonidesse:<br \/>\nEesti Klaasikunstnike \u00dchendus<br \/>\nEesti Rahva Muuseumi S\u00f5prade Selts<\/p>\n<p>Muu erialane tegevus:<br \/>\n2013 Klaasipuhuja assistendi eriala riikliku \u00f5ppekava koostamine<br \/>\n2012 Klaasipuhuja eriala kutsestandardi tase 4, 5 ja 7 koostamine<\/p>\n<p>22.05.2014<br \/>\nEili Soon<\/p>\n<p>&nbsp;<\/p>\n","protected":false},"excerpt":{"rendered":"<p>Telefon: +37256668127 E-mail: eilisoon [at] gmail [dot] com Koduleht: https:\/\/www.eili.eu CURRICULUM VITAE Eili Soon S\u00fcndinud 20.04.1983 J\u00f5el\u00e4htme vald Haridus: 2005-2006 Eesti Kunstiakadeemia, \u00f5petajakoolitus, kunsti- ja kunstiajaloo \u00f5petaja, magister 2001-2005 Eesti Kunstiakadeemia, klaasikunst, bakalaureus 1989-2001 Tallinna \u00dchisg\u00fcmnaasium, kirjandusklass T\u00f6\u00f6kogemus: Alates 2010 Olustvere Teenindus- ja Maamajanduskooli klaasikoda, klaasikunstnik 2008 \u2013 2010 O\u00dc Klaasistuudio, klaasipuhuja assistent 2006 \u2013 [&hellip;]<\/p>\n","protected":false},"author":1,"featured_media":0,"parent":154,"menu_order":0,"comment_status":"closed","ping_status":"closed","template":"","meta":{"footnotes":""},"class_list":["post-1196","page","type-page","status-publish","hentry"],"aioseo_notices":[],"_links":{"self":[{"href":"https:\/\/klaasikunst.ee\/index.php?rest_route=\/wp\/v2\/pages\/1196","targetHints":{"allow":["GET"]}}],"collection":[{"href":"https:\/\/klaasikunst.ee\/index.php?rest_route=\/wp\/v2\/pages"}],"about":[{"href":"https:\/\/klaasikunst.ee\/index.php?rest_route=\/wp\/v2\/types\/page"}],"author":[{"embeddable":true,"href":"https:\/\/klaasikunst.ee\/index.php?rest_route=\/wp\/v2\/users\/1"}],"replies":[{"embeddable":true,"href":"https:\/\/klaasikunst.ee\/index.php?rest_route=%2Fwp%2Fv2%2Fcomments&post=1196"}],"version-history":[{"count":12,"href":"https:\/\/klaasikunst.ee\/index.php?rest_route=\/wp\/v2\/pages\/1196\/revisions"}],"predecessor-version":[{"id":6483,"href":"https:\/\/klaasikunst.ee\/index.php?rest_route=\/wp\/v2\/pages\/1196\/revisions\/6483"}],"up":[{"embeddable":true,"href":"https:\/\/klaasikunst.ee\/index.php?rest_route=\/wp\/v2\/pages\/154"}],"wp:attachment":[{"href":"https:\/\/klaasikunst.ee\/index.php?rest_route=%2Fwp%2Fv2%2Fmedia&parent=1196"}],"curies":[{"name":"wp","href":"https:\/\/api.w.org\/{rel}","templated":true}]}}