{"id":1175,"date":"2015-05-14T17:26:52","date_gmt":"2015-05-14T15:26:52","guid":{"rendered":"http:\/\/klaasikunst.ee\/?page_id=1175"},"modified":"2026-02-17T14:32:26","modified_gmt":"2026-02-17T12:32:26","slug":"birgit-pahlapuu","status":"publish","type":"page","link":"https:\/\/klaasikunst.ee\/?page_id=1175","title":{"rendered":"Birgit P\u00e4hlapuu"},"content":{"rendered":"<p><a href=\"http:\/\/klaasikunst.ee\/wp-content\/uploads\/2026\/02\/2088689398234213071.jpg\"><img loading=\"lazy\" decoding=\"async\" class=\"alignright size-medium wp-image-7675\" src=\"http:\/\/klaasikunst.ee\/wp-content\/uploads\/2026\/02\/2088689398234213071-300x156.jpg\" alt=\"\" width=\"300\" height=\"156\" srcset=\"https:\/\/klaasikunst.ee\/wp-content\/uploads\/2026\/02\/2088689398234213071-300x156.jpg 300w, https:\/\/klaasikunst.ee\/wp-content\/uploads\/2026\/02\/2088689398234213071-624x325.jpg 624w, https:\/\/klaasikunst.ee\/wp-content\/uploads\/2026\/02\/2088689398234213071.jpg 672w\" sizes=\"auto, (max-width: 300px) 100vw, 300px\" \/><\/a>E-post:\u00a0<a href=\"mailto:birgitpahlapuu\">birgitpahlapuu (\u00e4t) gmail.com<\/a><br \/>\nTel: +372 56 601004<br \/>\nKoduleht: <a href=\"https:\/\/www.okapi.ee\/klaas-keraamika\/birgit-pahlapuu\" target=\"_blank\" rel=\"nofollow noopener\">https:\/\/www.okapi.ee\/klaas-keraamika\/birgit-pahlapuu<\/a><\/p>\n<p>Birgit P\u00e4hlapuu (1981) on omandanud nii magistri- (2016) kui bakalaureusekraadi (2010) Eesti Kunstiakadeemias klaasikunsti erialal, lisaks t\u00e4iendanud end Praha Kunstide, Arhitektuuri ja Disaini Akadeemias (2008) ning omandanud bakalaureusekraadi (2002) ka Estonian Business Schoolis rahvusvahelise \u00e4rijuhtimise erialal. Ta on osalenud erinevatel erialastel meistriklassidel nii Eestis, Soomes kui Itaalias. Kodu- ja v\u00e4lismaistel n\u00e4itustel on P\u00e4hlapuu osalenud alates 2008. aastast, sealjuures ise n\u00e4ituseid korraldanud alates 2017.aastast. 2007. aastal p\u00e4lvis ta Maks Roosma nimelise loominguline stipendiumi ja 2024. aastal Toyama rahvusvahelisel klaasin\u00e4itusel h\u00f5be auhinna. Alates 2010. aastast kuulub Eesti Klaasikunstnike \u00dchendusse. Lisaks oma isiklikule kunstnikukarj\u00e4\u00e4rile on P\u00e4hlapuu Okapi Galerii \u00fcks asutajatest ja eestvedajatest panustades seel\u00e4bi ka oma kolleegide loomingu edendamisse ja arendamisse.<\/p>\n\n\t\t<style type=\"text\/css\">\n\t\t\t#gallery-1 {\n\t\t\t\tmargin: auto;\n\t\t\t}\n\t\t\t#gallery-1 .gallery-item {\n\t\t\t\tfloat: left;\n\t\t\t\tmargin-top: 10px;\n\t\t\t\ttext-align: center;\n\t\t\t\twidth: 33%;\n\t\t\t}\n\t\t\t#gallery-1 img {\n\t\t\t\tborder: 2px solid #cfcfcf;\n\t\t\t}\n\t\t\t#gallery-1 .gallery-caption {\n\t\t\t\tmargin-left: 0;\n\t\t\t}\n\t\t\t\/* see gallery_shortcode() in wp-includes\/media.php *\/\n\t\t<\/style>\n\t\t<div id='gallery-1' class='gallery galleryid-1175 gallery-columns-3 gallery-size-thumbnail'><dl class='gallery-item'>\n\t\t\t<dt class='gallery-icon landscape'>\n\t\t\t\t<a href='https:\/\/klaasikunst.ee\/wp-content\/uploads\/2024\/06\/birgit01-scaled.jpg'><img loading=\"lazy\" decoding=\"async\" width=\"150\" height=\"150\" src=\"https:\/\/klaasikunst.ee\/wp-content\/uploads\/2024\/06\/birgit01-150x150.jpg\" class=\"attachment-thumbnail size-thumbnail\" alt=\"\" \/><\/a>\n\t\t\t<\/dt><\/dl><dl class='gallery-item'>\n\t\t\t<dt class='gallery-icon landscape'>\n\t\t\t\t<a href='https:\/\/klaasikunst.ee\/wp-content\/uploads\/2022\/10\/karbeste_mass.jpg'><img loading=\"lazy\" decoding=\"async\" width=\"150\" height=\"150\" src=\"https:\/\/klaasikunst.ee\/wp-content\/uploads\/2022\/10\/karbeste_mass-150x150.jpg\" class=\"attachment-thumbnail size-thumbnail\" alt=\"\" \/><\/a>\n\t\t\t<\/dt><\/dl><dl class='gallery-item'>\n\t\t\t<dt class='gallery-icon portrait'>\n\t\t\t\t<a href='https:\/\/klaasikunst.ee\/wp-content\/uploads\/2016\/04\/pahlapuu.jpg'><img loading=\"lazy\" decoding=\"async\" width=\"150\" height=\"150\" src=\"https:\/\/klaasikunst.ee\/wp-content\/uploads\/2016\/04\/pahlapuu-150x150.jpg\" class=\"attachment-thumbnail size-thumbnail\" alt=\"\" \/><\/a>\n\t\t\t<\/dt><\/dl><br style=\"clear: both\" \/>\n\t\t<\/div>\n\n","protected":false},"excerpt":{"rendered":"<p>E-post:\u00a0birgitpahlapuu (\u00e4t) gmail.com Tel: +372 56 601004 Koduleht: https:\/\/www.okapi.ee\/klaas-keraamika\/birgit-pahlapuu Birgit P\u00e4hlapuu (1981) on omandanud nii magistri- (2016) kui bakalaureusekraadi (2010) Eesti Kunstiakadeemias klaasikunsti erialal, lisaks t\u00e4iendanud end Praha Kunstide, Arhitektuuri ja Disaini Akadeemias (2008) ning omandanud bakalaureusekraadi (2002) ka Estonian Business Schoolis rahvusvahelise \u00e4rijuhtimise erialal. Ta on osalenud erinevatel erialastel meistriklassidel nii Eestis, Soomes kui [&hellip;]<\/p>\n","protected":false},"author":1,"featured_media":0,"parent":154,"menu_order":0,"comment_status":"closed","ping_status":"closed","template":"","meta":{"footnotes":""},"class_list":["post-1175","page","type-page","status-publish","hentry"],"aioseo_notices":[],"_links":{"self":[{"href":"https:\/\/klaasikunst.ee\/index.php?rest_route=\/wp\/v2\/pages\/1175","targetHints":{"allow":["GET"]}}],"collection":[{"href":"https:\/\/klaasikunst.ee\/index.php?rest_route=\/wp\/v2\/pages"}],"about":[{"href":"https:\/\/klaasikunst.ee\/index.php?rest_route=\/wp\/v2\/types\/page"}],"author":[{"embeddable":true,"href":"https:\/\/klaasikunst.ee\/index.php?rest_route=\/wp\/v2\/users\/1"}],"replies":[{"embeddable":true,"href":"https:\/\/klaasikunst.ee\/index.php?rest_route=%2Fwp%2Fv2%2Fcomments&post=1175"}],"version-history":[{"count":6,"href":"https:\/\/klaasikunst.ee\/index.php?rest_route=\/wp\/v2\/pages\/1175\/revisions"}],"predecessor-version":[{"id":7676,"href":"https:\/\/klaasikunst.ee\/index.php?rest_route=\/wp\/v2\/pages\/1175\/revisions\/7676"}],"up":[{"embeddable":true,"href":"https:\/\/klaasikunst.ee\/index.php?rest_route=\/wp\/v2\/pages\/154"}],"wp:attachment":[{"href":"https:\/\/klaasikunst.ee\/index.php?rest_route=%2Fwp%2Fv2%2Fmedia&parent=1175"}],"curies":[{"name":"wp","href":"https:\/\/api.w.org\/{rel}","templated":true}]}}