{"id":1138,"date":"2015-05-14T17:10:09","date_gmt":"2013-11-04T17:36:07","guid":{"rendered":"http:\/\/klaasikunst.ee\/?page_id=1138"},"modified":"2014-02-04T17:15:59","modified_gmt":"2014-02-04T17:15:59","slug":"eve-koha","status":"publish","type":"page","link":"https:\/\/klaasikunst.ee\/?page_id=1138","title":{"rendered":"Eve Koha"},"content":{"rendered":"<div id=\"attachment_1234\" style=\"width: 310px\" class=\"wp-caption alignright\"><a href=\"http:\/\/klaasikunst.ee\/wp-content\/uploads\/2013\/11\/24.png\"><img loading=\"lazy\" decoding=\"async\" aria-describedby=\"caption-attachment-1234\" class=\"size-medium wp-image-1234 \" alt=\"24\" src=\"http:\/\/klaasikunst.ee\/wp-content\/uploads\/2013\/11\/24-300x200.png\" width=\"300\" height=\"200\" srcset=\"https:\/\/klaasikunst.ee\/wp-content\/uploads\/2013\/11\/24-300x200.png 300w, https:\/\/klaasikunst.ee\/wp-content\/uploads\/2013\/11\/24.png 420w\" sizes=\"auto, (max-width: 300px) 100vw, 300px\" \/><\/a><p id=\"caption-attachment-1234\" class=\"wp-caption-text\">6-SIDES klaas, k\u00fclmt\u00f6\u00f6tlus<\/p><\/div>\n<div id=\"attachment_1235\" style=\"width: 310px\" class=\"wp-caption alignright\"><a href=\"http:\/\/klaasikunst.ee\/wp-content\/uploads\/2013\/11\/25.png\"><img loading=\"lazy\" decoding=\"async\" aria-describedby=\"caption-attachment-1235\" class=\"size-medium wp-image-1235 \" alt=\"25\" src=\"http:\/\/klaasikunst.ee\/wp-content\/uploads\/2013\/11\/25-300x300.png\" width=\"300\" height=\"300\" srcset=\"https:\/\/klaasikunst.ee\/wp-content\/uploads\/2013\/11\/25-300x300.png 300w, https:\/\/klaasikunst.ee\/wp-content\/uploads\/2013\/11\/25-150x150.png 150w, https:\/\/klaasikunst.ee\/wp-content\/uploads\/2013\/11\/25.png 400w\" sizes=\"auto, (max-width: 300px) 100vw, 300px\" \/><\/a><p id=\"caption-attachment-1235\" class=\"wp-caption-text\">TWO CONES CUBED klaas, k\u00fclmt\u00f6\u00f6tlus<\/p><\/div>\n<div id=\"attachment_1236\" style=\"width: 310px\" class=\"wp-caption alignright\"><a href=\"http:\/\/klaasikunst.ee\/wp-content\/uploads\/2013\/11\/26.png\"><img loading=\"lazy\" decoding=\"async\" aria-describedby=\"caption-attachment-1236\" class=\"size-medium wp-image-1236 \" alt=\"26\" src=\"http:\/\/klaasikunst.ee\/wp-content\/uploads\/2013\/11\/26-300x200.png\" width=\"300\" height=\"200\" srcset=\"https:\/\/klaasikunst.ee\/wp-content\/uploads\/2013\/11\/26-300x200.png 300w, https:\/\/klaasikunst.ee\/wp-content\/uploads\/2013\/11\/26.png 420w\" sizes=\"auto, (max-width: 300px) 100vw, 300px\" \/><\/a><p id=\"caption-attachment-1236\" class=\"wp-caption-text\">1\/3+2\/3 PRISM klaas, kristall, k\u00fclmt\u00f6\u00f6tlus<\/p><\/div>\n<p>&nbsp;<\/p>\n<p>e-mail:\u00a0<a href=\"javascript:secureDecryptAndNavigate('sSds0bcDD4vS6wqQXvW52Xs0vVuZExrH\/S9+cdeHUHX7aHLVACwGRBmKP\/Fa0nrKzV8KSKDRClfFX+\/DV0Bv7WCLqRhWuQn6', '3676280a68af271c25ee9598e755fddfbbd9da6cbad6358d6a6319c7119140f6')\">evekoha [at] gmail [dot] com<\/a><br \/>\ntelefon: 659 66 23<br \/>\nGSM: +372 55 540 790<\/p>\n<p>Tegevusalad : lihvimine, l\u00f5ikamine, klaasimaal, vitraa\u017e<\/p>\n<p>CV<br \/>\nS\u00fcndinud 1955<br \/>\nHaridus: 1981 ERKI klaasi eriala<br \/>\nAlates 1984 ERKI-EKA klaasi eriala \u00f5ppej\u00f5ud<br \/>\nAlates 1991 Kunstnike Liidu liige<br \/>\nAlates 1983 esinenud arvukatel n\u00e4itustel<br \/>\nAlates 1981 on restaureerinud paljude Eesti kirikute vitraazhe (m\u00f5ned neist: Ruhnu kirik, P\u00fchavaimu kirik Tallinnas, Ilum\u00e4e kabel )<\/p>\n<p>Teoseid omavad : Eesti Tarbekunstimuuseum, Eesti Kunstifond, Frauenau Klaasimuuseum Saksamaal<\/p>\n<p>&nbsp;<\/p>\n<div style=\"width: 310px\" class=\"wp-caption alignnone\"><img loading=\"lazy\" decoding=\"async\" alt=\"355\" src=\"http:\/\/klaasikunst.ee\/wp-content\/uploads\/2013\/11\/355-300x300.png\" width=\"300\" height=\"300\" \/><p class=\"wp-caption-text\">MONSTERA<\/p><\/div>\n<div id=\"attachment_1332\" style=\"width: 555px\" class=\"wp-caption alignnone\"><a href=\"http:\/\/klaasikunst.ee\/wp-content\/uploads\/2013\/11\/354.png\"><img loading=\"lazy\" decoding=\"async\" aria-describedby=\"caption-attachment-1332\" class=\"size-full wp-image-1332\" alt=\"354\" src=\"http:\/\/klaasikunst.ee\/wp-content\/uploads\/2013\/11\/354.png\" width=\"545\" height=\"363\" srcset=\"https:\/\/klaasikunst.ee\/wp-content\/uploads\/2013\/11\/354.png 545w, https:\/\/klaasikunst.ee\/wp-content\/uploads\/2013\/11\/354-300x199.png 300w\" sizes=\"auto, (max-width: 545px) 100vw, 545px\" \/><\/a><p id=\"caption-attachment-1332\" class=\"wp-caption-text\">Kaduvik<\/p><\/div>\n<p>&nbsp;<\/p>\n<p>&nbsp;<\/p>\n<div><span class=\"Apple-style-span\" style=\"line-height: 24px;\">\u00a0<\/span><\/div>\n","protected":false},"excerpt":{"rendered":"<p>&nbsp; e-mail:\u00a0evekoha [at] gmail [dot] com telefon: 659 66 23 GSM: +372 55 540 790 Tegevusalad : lihvimine, l\u00f5ikamine, klaasimaal, vitraa\u017e CV S\u00fcndinud 1955 Haridus: 1981 ERKI klaasi eriala Alates 1984 ERKI-EKA klaasi eriala \u00f5ppej\u00f5ud Alates 1991 Kunstnike Liidu liige Alates 1983 esinenud arvukatel n\u00e4itustel Alates 1981 on restaureerinud paljude Eesti kirikute vitraazhe (m\u00f5ned neist: [&hellip;]<\/p>\n","protected":false},"author":1,"featured_media":0,"parent":154,"menu_order":0,"comment_status":"closed","ping_status":"closed","template":"","meta":{"footnotes":""},"class_list":["post-1138","page","type-page","status-publish","hentry"],"aioseo_notices":[],"_links":{"self":[{"href":"https:\/\/klaasikunst.ee\/index.php?rest_route=\/wp\/v2\/pages\/1138","targetHints":{"allow":["GET"]}}],"collection":[{"href":"https:\/\/klaasikunst.ee\/index.php?rest_route=\/wp\/v2\/pages"}],"about":[{"href":"https:\/\/klaasikunst.ee\/index.php?rest_route=\/wp\/v2\/types\/page"}],"author":[{"embeddable":true,"href":"https:\/\/klaasikunst.ee\/index.php?rest_route=\/wp\/v2\/users\/1"}],"replies":[{"embeddable":true,"href":"https:\/\/klaasikunst.ee\/index.php?rest_route=%2Fwp%2Fv2%2Fcomments&post=1138"}],"version-history":[{"count":9,"href":"https:\/\/klaasikunst.ee\/index.php?rest_route=\/wp\/v2\/pages\/1138\/revisions"}],"predecessor-version":[{"id":3412,"href":"https:\/\/klaasikunst.ee\/index.php?rest_route=\/wp\/v2\/pages\/1138\/revisions\/3412"}],"up":[{"embeddable":true,"href":"https:\/\/klaasikunst.ee\/index.php?rest_route=\/wp\/v2\/pages\/154"}],"wp:attachment":[{"href":"https:\/\/klaasikunst.ee\/index.php?rest_route=%2Fwp%2Fv2%2Fmedia&parent=1138"}],"curies":[{"name":"wp","href":"https:\/\/api.w.org\/{rel}","templated":true}]}}